{"id":4167,"date":"2025-12-04T12:49:05","date_gmt":"2025-12-04T11:49:05","guid":{"rendered":"https:\/\/cpsarriguren.educacion.navarra.es\/web\/?page_id=4167"},"modified":"2025-12-04T12:49:12","modified_gmt":"2025-12-04T11:49:12","slug":"despedida-de-6o-y-festival-fin-de-curso","status":"publish","type":"page","link":"https:\/\/cpsarriguren.educacion.navarra.es\/web\/despedida-de-6o-y-festival-fin-de-curso\/","title":{"rendered":"Despedida de 6\u00ba y fiesta fin de curso"},"content":{"rendered":"<div class=\"fsn-row full-width-row fsn-69efc80193428 light\" style=\"background-repeat:repeat;background-position:left top;background-attachment:scroll;background-size:auto;\"><div class=\"container-fluid\"><div class=\"row\"><div class=\"col-sm-12\"><div class=\"fsn-column-inner fsn-69efc8019347b light\"><div class=\"fsn-text fsn-69efc8019349d\">\n<p>Estas son las dos \u00faltimas celebraciones de cada curso escolar.<\/p>\n<p>Por un lado, el antepen\u00faltimo d\u00eda del curso se celebra la <strong>despedida del alumnado de 6\u00ba<\/strong>. En esta graduaci\u00f3n el alumnado de ese curso es el protagonista, celebrando su d\u00eda junto con su profesorado y sus familias. Es un acto en el que se recuerda el paso de este alumnado por la escuela, recordando sus mejores momentos, los y las profes con los que han disfrutado y aprendido, campamentos, excursiones y dem\u00e1s vivencias. Despu\u00e9s aprovechan para disfrutar con las familias, sacar fotos y comer un aperitivo.&nbsp;<\/p>\n<p>Por otro lado, el \u00faltimo d\u00eda del curso se realiza la<strong> fiesta de fin de curso<\/strong>, con el festival organizado desde m\u00fasica, como acto principal, al que acuden las familias del alumnado. Adem\u00e1s, es un d\u00eda de fiesta en el colegio, donde jugamos con toritos de agua, compartimos almuerzo, se recaudan firmas de recuerdo y bailamos con m\u00fasica en el patio. Despu\u00e9s, en las clases, se dan los momentos de despedida, de abrazos y en muchas ocasiones de l\u00e1grimas por el decir adi\u00f3s al curso, compa\u00f1eros, compa\u00f1eras y profesorado.&nbsp;<\/p>\n<p>&nbsp;<\/p>\n<\/div><\/div><\/div><\/div><\/div><\/div>\n","protected":false},"excerpt":{"rendered":"","protected":false},"author":1,"featured_media":0,"parent":0,"menu_order":0,"comment_status":"closed","ping_status":"closed","template":"","meta":{"ngg_post_thumbnail":0},"_links":{"self":[{"href":"https:\/\/cpsarriguren.educacion.navarra.es\/web\/wp-json\/wp\/v2\/pages\/4167"}],"collection":[{"href":"https:\/\/cpsarriguren.educacion.navarra.es\/web\/wp-json\/wp\/v2\/pages"}],"about":[{"href":"https:\/\/cpsarriguren.educacion.navarra.es\/web\/wp-json\/wp\/v2\/types\/page"}],"author":[{"embeddable":true,"href":"https:\/\/cpsarriguren.educacion.navarra.es\/web\/wp-json\/wp\/v2\/users\/1"}],"replies":[{"embeddable":true,"href":"https:\/\/cpsarriguren.educacion.navarra.es\/web\/wp-json\/wp\/v2\/comments?post=4167"}],"version-history":[{"count":2,"href":"https:\/\/cpsarriguren.educacion.navarra.es\/web\/wp-json\/wp\/v2\/pages\/4167\/revisions"}],"predecessor-version":[{"id":4169,"href":"https:\/\/cpsarriguren.educacion.navarra.es\/web\/wp-json\/wp\/v2\/pages\/4167\/revisions\/4169"}],"wp:attachment":[{"href":"https:\/\/cpsarriguren.educacion.navarra.es\/web\/wp-json\/wp\/v2\/media?parent=4167"}],"curies":[{"name":"wp","href":"https:\/\/api.w.org\/{rel}","templated":true}]}}

Despedida de 6º y fiesta fin de curso

<div class="fsn-row full-width-row fsn-69efc80193428 light" style="background-repeat:repeat;background-position:left top;background-attachment:scroll;background-size:auto;"><div class="container-fluid"><div class="row"><div class="col-sm-12"><div class="fsn-column-inner fsn-69efc8019347b light"><div class="fsn-text fsn-69efc8019349d">
<p>Estas son las dos últimas celebraciones de cada curso escolar.</p>
<p>Por un lado, el antepenúltimo día del curso se celebra la <strong>despedida del alumnado de 6º</strong>. En esta graduación el alumnado de ese curso es el protagonista, celebrando su día junto con su profesorado y sus familias. Es un acto en el que se recuerda el paso de este alumnado por la escuela, recordando sus mejores momentos, los y las profes con los que han disfrutado y aprendido, campamentos, excursiones y demás vivencias. Después aprovechan para disfrutar con las familias, sacar fotos y comer un aperitivo.&nbsp;</p>
<p>Por otro lado, el último día del curso se realiza la<strong> fiesta de fin de curso</strong>, con el festival organizado desde música, como acto principal, al que acuden las familias del alumnado. Además, es un día de fiesta en el colegio, donde jugamos con toritos de agua, compartimos almuerzo, se recaudan firmas de recuerdo y bailamos con música en el patio. Después, en las clases, se dan los momentos de despedida, de abrazos y en muchas ocasiones de lágrimas por el decir adiós al curso, compañeros, compañeras y profesorado.&nbsp;</p>
<p>&nbsp;</p>
</div></div></div></div></div></div>
