{"id":4155,"date":"2025-12-04T12:21:34","date_gmt":"2025-12-04T11:21:34","guid":{"rendered":"https:\/\/cpsarriguren.educacion.navarra.es\/web\/?page_id=4155"},"modified":"2025-12-04T12:41:22","modified_gmt":"2025-12-04T11:41:22","slug":"navistad","status":"publish","type":"page","link":"https:\/\/cpsarriguren.educacion.navarra.es\/web\/navistad\/","title":{"rendered":"Navistad"},"content":{"rendered":"<div class=\"fsn-row full-width-row fsn-69d047d5061b8 light\" style=\"background-repeat:repeat;background-position:left top;background-attachment:scroll;background-size:auto;\"><div class=\"container-fluid\"><div class=\"row\"><div class=\"col-sm-12\"><div class=\"fsn-column-inner fsn-69d047d506208 light\"><div class=\"fsn-text fsn-69d047d506230\">\n<p>Nuestra celebraci\u00f3n de las fiestas navide\u00f1as.<\/p>\n<p>Aprovechamos los d\u00edas previos de las vacaciones de Navidad para trabajar con el alumnado valores tan importantes como la solidaridad, la amistad, el amor o la empat\u00eda.&nbsp;<\/p>\n<p>Todos los cursos se planifican diferentes actividades y talleres para el alumnado, desde m\u00fasica se preparara una felicitaci\u00f3n navide\u00f1a a modo de actuaci\u00f3n y se env\u00eda a las familias, el alumnado viene al centro vestido de caseros o caseras o con los trajes t\u00edpicos de sus pa\u00edses, comparten un almuerzo e intercambian postales navide\u00f1as realizadas con anterioridad. Son unos d\u00edas muy bonitos para conectar con el alumnado y disfrutar de la magia que nos da esos d\u00edas.&nbsp;<\/p>\n<p><img loading=\"lazy\" class=\"wp-image-4161 aligncenter\" src=\"https:\/\/cpsarriguren.educacion.navarra.es\/web\/wp-content\/uploads\/2025\/12\/Captura-de-pantalla-2025-12-04-122912.png\" alt=\"\" width=\"259\" height=\"323\" srcset=\"https:\/\/cpsarriguren.educacion.navarra.es\/web\/wp-content\/uploads\/2025\/12\/Captura-de-pantalla-2025-12-04-122912.png 399w, https:\/\/cpsarriguren.educacion.navarra.es\/web\/wp-content\/uploads\/2025\/12\/Captura-de-pantalla-2025-12-04-122912-241x300.png 241w\" sizes=\"(max-width: 259px) 100vw, 259px\" \/><\/p>\n<\/div><\/div><\/div><\/div><\/div><\/div>\n","protected":false},"excerpt":{"rendered":"","protected":false},"author":1,"featured_media":0,"parent":0,"menu_order":0,"comment_status":"closed","ping_status":"closed","template":"","meta":{"ngg_post_thumbnail":0},"_links":{"self":[{"href":"https:\/\/cpsarriguren.educacion.navarra.es\/web\/wp-json\/wp\/v2\/pages\/4155"}],"collection":[{"href":"https:\/\/cpsarriguren.educacion.navarra.es\/web\/wp-json\/wp\/v2\/pages"}],"about":[{"href":"https:\/\/cpsarriguren.educacion.navarra.es\/web\/wp-json\/wp\/v2\/types\/page"}],"author":[{"embeddable":true,"href":"https:\/\/cpsarriguren.educacion.navarra.es\/web\/wp-json\/wp\/v2\/users\/1"}],"replies":[{"embeddable":true,"href":"https:\/\/cpsarriguren.educacion.navarra.es\/web\/wp-json\/wp\/v2\/comments?post=4155"}],"version-history":[{"count":3,"href":"https:\/\/cpsarriguren.educacion.navarra.es\/web\/wp-json\/wp\/v2\/pages\/4155\/revisions"}],"predecessor-version":[{"id":4165,"href":"https:\/\/cpsarriguren.educacion.navarra.es\/web\/wp-json\/wp\/v2\/pages\/4155\/revisions\/4165"}],"wp:attachment":[{"href":"https:\/\/cpsarriguren.educacion.navarra.es\/web\/wp-json\/wp\/v2\/media?parent=4155"}],"curies":[{"name":"wp","href":"https:\/\/api.w.org\/{rel}","templated":true}]}}