{"id":4147,"date":"2025-12-04T12:11:53","date_gmt":"2025-12-04T11:11:53","guid":{"rendered":"https:\/\/cpsarriguren.educacion.navarra.es\/web\/?page_id=4147"},"modified":"2025-12-04T12:15:34","modified_gmt":"2025-12-04T11:15:34","slug":"dia-del-arbol","status":"publish","type":"page","link":"https:\/\/cpsarriguren.educacion.navarra.es\/web\/dia-del-arbol\/","title":{"rendered":"D\u00eda del Arbol"},"content":{"rendered":"<div class=\"fsn-row full-width-row fsn-69ee40b8e876b light\" style=\"background-repeat:repeat;background-position:left top;background-attachment:scroll;background-size:auto;\"><div class=\"container-fluid\"><div class=\"row\"><div class=\"col-sm-12\"><div class=\"fsn-column-inner fsn-69ee40b8e87b0 light\"><div class=\"fsn-text fsn-69ee40b8e87d4\">\n<p>El d\u00eda del arbol es una celebraci\u00f3n que se realiza entre el alumnado de 6\u00ba y el alumnado de Infantil.<\/p>\n<p>Este d\u00eda el alumnado mencionado sale a las inmediaciones del colegio a plantar \u00e1rboles, hablando de la importancia del crecimiento de los mismos as\u00ed como de lo esencial que es cuidar el medio ambiente y nuestro entorno. Adem\u00e1s, es una actividad colaborativa entre el alumnado m\u00e1s mayor y m\u00e1s peque del cole, estrechando lazos y ayud\u00e1ndose.<\/p>\n<p><img src=\"https:\/\/cpsarriguren.educacion.navarra.es\/web\/wp-content\/uploads\/2024\/03\/4AAC1D60-4300-466D-A11E-02CFC8E119F8.jpeg\"><\/p>\n<\/div><\/div><\/div><\/div><\/div><\/div>\n","protected":false},"excerpt":{"rendered":"","protected":false},"author":1,"featured_media":0,"parent":0,"menu_order":0,"comment_status":"closed","ping_status":"closed","template":"","meta":{"ngg_post_thumbnail":0},"_links":{"self":[{"href":"https:\/\/cpsarriguren.educacion.navarra.es\/web\/wp-json\/wp\/v2\/pages\/4147"}],"collection":[{"href":"https:\/\/cpsarriguren.educacion.navarra.es\/web\/wp-json\/wp\/v2\/pages"}],"about":[{"href":"https:\/\/cpsarriguren.educacion.navarra.es\/web\/wp-json\/wp\/v2\/types\/page"}],"author":[{"embeddable":true,"href":"https:\/\/cpsarriguren.educacion.navarra.es\/web\/wp-json\/wp\/v2\/users\/1"}],"replies":[{"embeddable":true,"href":"https:\/\/cpsarriguren.educacion.navarra.es\/web\/wp-json\/wp\/v2\/comments?post=4147"}],"version-history":[{"count":2,"href":"https:\/\/cpsarriguren.educacion.navarra.es\/web\/wp-json\/wp\/v2\/pages\/4147\/revisions"}],"predecessor-version":[{"id":4151,"href":"https:\/\/cpsarriguren.educacion.navarra.es\/web\/wp-json\/wp\/v2\/pages\/4147\/revisions\/4151"}],"wp:attachment":[{"href":"https:\/\/cpsarriguren.educacion.navarra.es\/web\/wp-json\/wp\/v2\/media?parent=4147"}],"curies":[{"name":"wp","href":"https:\/\/api.w.org\/{rel}","templated":true}]}}

Día del Arbol

<div class="fsn-row full-width-row fsn-69ee40b8e876b light" style="background-repeat:repeat;background-position:left top;background-attachment:scroll;background-size:auto;"><div class="container-fluid"><div class="row"><div class="col-sm-12"><div class="fsn-column-inner fsn-69ee40b8e87b0 light"><div class="fsn-text fsn-69ee40b8e87d4">
<p>El día del arbol es una celebración que se realiza entre el alumnado de 6º y el alumnado de Infantil.</p>
<p>Este día el alumnado mencionado sale a las inmediaciones del colegio a plantar árboles, hablando de la importancia del crecimiento de los mismos así como de lo esencial que es cuidar el medio ambiente y nuestro entorno. Además, es una actividad colaborativa entre el alumnado más mayor y más peque del cole, estrechando lazos y ayudándose.</p>
<p><img src="https://cpsarriguren.educacion.navarra.es/web/wp-content/uploads/2024/03/4AAC1D60-4300-466D-A11E-02CFC8E119F8.jpeg"></p>
</div></div></div></div></div></div>
