{"id":3149,"date":"2022-10-14T10:12:56","date_gmt":"2022-10-14T08:12:56","guid":{"rendered":"https:\/\/cpsarriguren.educacion.navarra.es\/web\/?page_id=3149"},"modified":"2025-12-04T11:12:12","modified_gmt":"2025-12-04T10:12:12","slug":"jornada-de-bienvenida","status":"publish","type":"page","link":"https:\/\/cpsarriguren.educacion.navarra.es\/web\/jornada-de-bienvenida\/","title":{"rendered":"Jornada de bienvenida"},"content":{"rendered":"<p><strong>\u00a1BIENVENIDOS Y BIENVENIDAS AL NUEVO CURSO!<\/strong><\/p>\n<p>Cada curso empezamos nuestra andaduda con las ya instauradas Jornadas de Bienvenida.&nbsp;<\/p>\n<p>Estas bonitas jornadas, organizadas por el profesorado de educaci\u00f3n f\u00edsica del cole, se caracterizan por lo siguiente:<\/p>\n<ul>\n<li>Es una ma\u00f1ana en la que el juego es el protagonista.&nbsp;<\/li>\n<li>Los y las mayores del cole se encargan de explicar los juegos a los m\u00e1s peques, para luego jugar con ellos y ellas.&nbsp;<\/li>\n<li>Los juegos son planteados de tal manera que se utilice material del que ya disponemos en la escuela o material reciclado, promoviendo as\u00ed el cuidado por el planeta.&nbsp;<\/li>\n<li>Los ni\u00f1os y ni\u00f1as de los diferentes cursos comienzan a crear lazos de amistad que duran durante el curso.&nbsp;<\/li>\n<li>El profesorado disfruta con su alumnado, ayudando al funcionamiento de los juegos mientras conoce a los ni\u00f1os y ni\u00f1as.&nbsp;<\/li>\n<\/ul>\n<p>Os animamos a ver un v\u00eddeo resumen de estas jornadas.&nbsp;<\/p>\n<p>\u00a1Siempre es un d\u00eda muy bonito!<\/p>\n<div class=\"embed-container\"><iframe loading=\"lazy\" title=\"Jornadas de Bienvenida \u2600\ufe0f\" width=\"750\" height=\"563\" src=\"https:\/\/www.youtube.com\/embed\/4GW2XzHhfjc?feature=oembed\" frameborder=\"0\" allow=\"accelerometer; autoplay; clipboard-write; encrypted-media; gyroscope; picture-in-picture; web-share\" referrerpolicy=\"strict-origin-when-cross-origin\" allowfullscreen><\/iframe><\/div>\n<p>&nbsp;<\/p>\n","protected":false},"excerpt":{"rendered":"<p>\u00a1BIENVENIDOS Y BIENVENIDAS AL NUEVO CURSO! Cada curso empezamos nuestra andaduda con las ya instauradas Jornadas de Bienvenida.&nbsp; Estas bonitas jornadas, organizadas por el profesorado de educaci\u00f3n f\u00edsica del cole, se caracterizan por lo siguiente: Es una ma\u00f1ana en la que el juego es el protagonista.&nbsp; Los y las mayores del cole se encargan de &hellip; <\/p>\n<p><a class=\"more-link btn\" href=\"https:\/\/cpsarriguren.educacion.navarra.es\/web\/jornada-de-bienvenida\/\">Continue reading<\/a><\/p>\n","protected":false},"author":1,"featured_media":0,"parent":0,"menu_order":0,"comment_status":"closed","ping_status":"closed","template":"","meta":{"ngg_post_thumbnail":0},"_links":{"self":[{"href":"https:\/\/cpsarriguren.educacion.navarra.es\/web\/wp-json\/wp\/v2\/pages\/3149"}],"collection":[{"href":"https:\/\/cpsarriguren.educacion.navarra.es\/web\/wp-json\/wp\/v2\/pages"}],"about":[{"href":"https:\/\/cpsarriguren.educacion.navarra.es\/web\/wp-json\/wp\/v2\/types\/page"}],"author":[{"embeddable":true,"href":"https:\/\/cpsarriguren.educacion.navarra.es\/web\/wp-json\/wp\/v2\/users\/1"}],"replies":[{"embeddable":true,"href":"https:\/\/cpsarriguren.educacion.navarra.es\/web\/wp-json\/wp\/v2\/comments?post=3149"}],"version-history":[{"count":9,"href":"https:\/\/cpsarriguren.educacion.navarra.es\/web\/wp-json\/wp\/v2\/pages\/3149\/revisions"}],"predecessor-version":[{"id":4138,"href":"https:\/\/cpsarriguren.educacion.navarra.es\/web\/wp-json\/wp\/v2\/pages\/3149\/revisions\/4138"}],"wp:attachment":[{"href":"https:\/\/cpsarriguren.educacion.navarra.es\/web\/wp-json\/wp\/v2\/media?parent=3149"}],"curies":[{"name":"wp","href":"https:\/\/api.w.org\/{rel}","templated":true}]}}