{"id":3126,"date":"2022-10-14T10:08:54","date_gmt":"2022-10-14T08:08:54","guid":{"rendered":"https:\/\/cpsarriguren.educacion.navarra.es\/web\/?page_id=3126"},"modified":"2023-01-26T12:47:49","modified_gmt":"2023-01-26T11:47:49","slug":"resiliencia","status":"publish","type":"page","link":"https:\/\/cpsarriguren.educacion.navarra.es\/web\/resiliencia\/","title":{"rendered":"Resiliencia"},"content":{"rendered":"<div class=\"fsn-row full-width-row fsn-69d2900f043a8 light\" style=\"background-repeat:repeat;background-position:left top;background-attachment:scroll;background-size:auto;\"><div class=\"container-fluid\"><div class=\"row\"><div class=\"col-sm-12\"><div class=\"fsn-column-inner fsn-69d2900f043ff light\"><div class=\"fsn-text fsn-69d2900f04430\">\n<p><strong>\u00bfQu\u00e9 es?<\/strong><\/p>\n<p><span style=\"font-weight: 400;\">Un espacio en el que se aprende a relajarnos para poder aprender mejor.<\/span><\/p>\n<p><strong>\u00bfC\u00f3mo funciona?<\/strong><\/p>\n<p><span style=\"font-weight: 400;\">Haremos un grupo de trabajo con 6-8 alumnos y nos juntaremos alguna sesi\u00f3n a primera hora con una profesora de la comisi\u00f3n de Convivencia.<\/span><\/p>\n<p><strong>\u00bfQu\u00e9 hacemos en dicha aula?<\/strong><\/p>\n<p><span style=\"font-weight: 400;\">Mediante el di\u00e1logo dirigido y din\u00e1micas de grupo vamos hablando sobre c\u00f3mo nos sentimos y nos comportamos en momentos puntuales.<\/span><\/p>\n<p><strong>\u00bfQu\u00e9 se consigue?<\/strong><\/p>\n<p><span style=\"font-weight: 400;\">Que alumnado con necesidades emocionales tenga un espacio donde poder expresarse con tranquilidad.<\/span><\/p>\n<p><img loading=\"lazy\" class=\"aligncenter wp-image-3476 size-full\" src=\"https:\/\/cpsarriguren.educacion.navarra.es\/web\/wp-content\/uploads\/2023\/01\/fotonoticia_20140316100133_1200.jpg\" alt=\"\" width=\"1024\" height=\"695\" srcset=\"https:\/\/cpsarriguren.educacion.navarra.es\/web\/wp-content\/uploads\/2023\/01\/fotonoticia_20140316100133_1200.jpg 1024w, https:\/\/cpsarriguren.educacion.navarra.es\/web\/wp-content\/uploads\/2023\/01\/fotonoticia_20140316100133_1200-300x204.jpg 300w, https:\/\/cpsarriguren.educacion.navarra.es\/web\/wp-content\/uploads\/2023\/01\/fotonoticia_20140316100133_1200-768x521.jpg 768w, https:\/\/cpsarriguren.educacion.navarra.es\/web\/wp-content\/uploads\/2023\/01\/fotonoticia_20140316100133_1200-640x434.jpg 640w, https:\/\/cpsarriguren.educacion.navarra.es\/web\/wp-content\/uploads\/2023\/01\/fotonoticia_20140316100133_1200-750x509.jpg 750w\" sizes=\"(max-width: 1024px) 100vw, 1024px\" \/><\/p>\n<p>&nbsp;<\/p>\n<\/div><\/div><\/div><\/div><\/div><\/div>\n","protected":false},"excerpt":{"rendered":"","protected":false},"author":1,"featured_media":0,"parent":0,"menu_order":0,"comment_status":"closed","ping_status":"closed","template":"","meta":{"ngg_post_thumbnail":0},"_links":{"self":[{"href":"https:\/\/cpsarriguren.educacion.navarra.es\/web\/wp-json\/wp\/v2\/pages\/3126"}],"collection":[{"href":"https:\/\/cpsarriguren.educacion.navarra.es\/web\/wp-json\/wp\/v2\/pages"}],"about":[{"href":"https:\/\/cpsarriguren.educacion.navarra.es\/web\/wp-json\/wp\/v2\/types\/page"}],"author":[{"embeddable":true,"href":"https:\/\/cpsarriguren.educacion.navarra.es\/web\/wp-json\/wp\/v2\/users\/1"}],"replies":[{"embeddable":true,"href":"https:\/\/cpsarriguren.educacion.navarra.es\/web\/wp-json\/wp\/v2\/comments?post=3126"}],"version-history":[{"count":4,"href":"https:\/\/cpsarriguren.educacion.navarra.es\/web\/wp-json\/wp\/v2\/pages\/3126\/revisions"}],"predecessor-version":[{"id":3478,"href":"https:\/\/cpsarriguren.educacion.navarra.es\/web\/wp-json\/wp\/v2\/pages\/3126\/revisions\/3478"}],"wp:attachment":[{"href":"https:\/\/cpsarriguren.educacion.navarra.es\/web\/wp-json\/wp\/v2\/media?parent=3126"}],"curies":[{"name":"wp","href":"https:\/\/api.w.org\/{rel}","templated":true}]}}